= -4*g + i. Calculate the remainder when g is divided by 8.
7
Suppose 0 = i + 5*x, 0 = -2*i - 5*x + 1 + 4. Let b be 3 + 0 - (6 + -9). Suppose 2*y - b + 0 = 0. Calculate the remainder when i is divided by y.
2
Let j = -1 + -6. Let n = 10 + j. Suppose 67 = n*i + 16. What is the remainder when 67 is divided by i?
16
Let x = 553 - 531. Let v(k) = k + 4. Let o be v(0). Suppose -o*h + 32 = -0*h. What is the remainder when x is divided by h?
6
Let q = 30 + -13. Calculate the remainder when q is divided by 9.
8
What is the remainder when 30 is divided by (-322)/(-28) + 2/(-4)?
8
Let w = 14 + -14. What is the remainder when 3 is divided by w - (-3 - 3/(-3))?
1
Let g be (-1)/4 + (-244)/(-16). Let f = 24 - g. Calculate the remainder when 26 is divided by f.
8
Suppose 0 = -3*b + 24 + 81. What is the remainder when 66 is divided by b?
31
Suppose -3*v + 53 = -v - 3*m, 4*v + 3*m - 151 = 0. What is the remainder when v is divided by 12?
10
Suppose 92 = 21*f - 20*f. What is the remainder when f is divided by 12?
8
Suppose -3*p = 2*g + 2*p - 10, -g + p = -5. What is the remainder when g is divided by 3?
2
Suppose -7*u = 5*z - 9*u - 474, 3*u - 393 = -4*z. Calculate the remainder when z is divided by 9.
6
Let q be 11/11 + (-1 - 1). Let g be (-68)/(-10) - (-1)/5. Let t = g + q. What is the remainder when t is divided by 4?
2
What is the remainder when 58 is divided by 17 - 4*(0 + -1)?
16
Suppose -28 = -0*d - 2*d. Calculate the remainder when 57 + (-1)/(5/20) is divided by d.
11
Suppose 2*i + 2*k = k - 29, 3*k - 21 = 3*i. Let o = 26 + i. Suppose -115 = -5*d + 155. Calculate the remainder when d is divided by o.
12
Let p(h) = 5*h**2 + 2*h - 13. What is the remainder when p(4) is divided by 26?
23
Suppose 26 = 2*k - 0*k. Suppose n = 5*z + 30, -3*z = -5*n + 3*n + 53. Calculate the remainder when n is divided by k.
12
Let v(r) = -r**2 - 7*r - 22. Let y(g) = g - 1. Let d(s) = v(s) - 6*y(s). Calculate the remainder when d(-11) is divided by 3.
0
Let p = 114 + -53. Calculate the remainder when p is divided by 16.
13
Suppose 4*v = -v + 80. Let o = -26 - -104. Calculate the remainder when o is divided by v.
14
Let y(m) = -14*m - 2. Let u(r) = -13*r - 1. Let o(x) = 3*u(x) - 2*y(x). Let c = 50 - 27. Calculate the remainder when c is divided by o(-1).
11
Let c be 2/(-3) - (-844)/(-12). What is the remainder when c*(-1 - 0)*1 is divided by 24?
23
Let j(p) = -55*p + 26. Let d(h) = -11*h + 5. Let s(y) = 11*d(y) - 2*j(y). What is the remainder when s(-2) is divided by 13?
12
Calculate the remainder when 5/10 - 206/(-4) is divided by 19.
14
Let b(u) = u**3 + 6*u**2 - u - 8. Let t be b(-6). Calculate the remainder when t/(-4*1)*102 is divided by 18.
15
Suppose 34 = r + r. Calculate the remainder when 33 is divided by r.
16
Suppose -y = 2*y + 129. Let v = -28 - y. What is the remainder when 57 is divided by v?
12
Let g = -179 - -204. Calculate the remainder when g is divided by 3.
1
Suppose -5*u = -b - 16 - 83, 0 = u + 3*b - 7. Suppose 8*s = 5*s + 21. What is the remainder when u is divided by s?
5
Suppose -3*w - 5*x = -176, -15 = -2*x - 7. What is the remainder when w is divided by 9?
7
Suppose y - v - 8 = 3*v, 3*y - 2*v - 64 = 0. Let a = -11 + y. What is the remainder when a is divided by 5?
3
Let j be ((-3)/(-6))/((-2)/28). Suppose g + 4 = 5*g. Let x = g - j. Calculate the remainder when x is divided by 5.
3
Suppose -t - 16 = -2*c, 0*t - 3*c = -3*t - 33. Let p(s) = 2*s**2 + 10*s - 2. What is the remainder when -29*((-2)/1)/2 is divided by p(t)?
9
Suppose 4*q - 3*q - 38 = 0. Calculate the remainder when 113 is divided by q.
37
Suppose -3*f = -22 + 1. Suppose -3*s = -f*s. Suppose s = -5*j + 5*w + 55, -5*w = 2*j - j + 7. What is the remainder when 15 is divided by j?
7
What is the remainder when -1*(0/2 - 89) is divided by 23?
20
Suppose s - 8 - 26 = 0. What is the remainder when s is divided by -3*(1 + 0) + 15?
10
Let s(t) = -25*t + 2. Calculate the remainder when 105 is divided by s(-1).
24
Suppose -b = -4*y + 125, 0 = 4*b + 1 + 3. Let f = y + -17. Calculate the remainder when 27 is divided by f.
13
Suppose -4*x + 45 = 3*v, -3*x + 16 = -2*v - 22. Calculate the remainder when 69 is divided by x.
9
Suppose -4*k - 10 - 8 = -z, -107 = -5*z + 3*k. What is the remainder when z is divided by 6?
4
Suppose 7*v - 4*v - 210 = 0. Suppose -5*b = -5*a + v, 6 = b - 3*b. Calculate the remainder when a is divided by 7.
4
Suppose 4 = 2*x - 0*x. Suppose 17 + 19 = 4*y - x*u, -3*u - 6 = 0. What is the remainder when 35 is divided by (y/6)/((-8)/(-108))?
17
Suppose -5*w + 52 = -w - 2*t, 4*t + 6 = w. What is the remainder when 26 is divided by w?
12
Suppose 18*q = -3*q + 903. Calculate the remainder when 81 is divided by q.
38
Let p = 7 - 5. Let a(y) = y**3 + 2*y**2 - y - 1. Calculate the remainder when p is divided by a(-2).
0
Let k(d) = 2*d**2 + d - 7. Calculate the remainder when k(-6) is divided by (-4)/(-18) + 2492/126.
19
Suppose -2*a - 4 = -2*i, 0*i + 4 = 2*i - 3*a. Suppose -4 = -i*r + 2. Suppose r*w - 72 = -0*w. What is the remainder when w is divided by 13?
11
Let i(y) = -y**2 - y. Let c(j) = 5*j**2 + 10*j + 4. Let l(v) = c(v) + 3*i(v). Suppose 0 = -4*s + 3*s - 5. Calculate the remainder when l(s) is divided by 7.
5
Let j(f) = 3*f + 2. Let r be j(-2). What is the remainder when 45 is divided by -32*(r + 28/8)?
13
Suppose -4*r - 23 = 33. Calculate the remainder when (-4)/r - 1056/(-28) is divided by -2 + -10*(-6)/4.
12
Let a be 2/7 - 4/14. Suppose a*l = -4*l + 212. Calculate the remainder when l is divided by 18.
17
Let z be -7 + 5 - 32/2. What is the remainder when z/(-45)*(15 - 0) is divided by 4?
2
Let h = 97 - 41. What is the remainder when (10/4)/((-2)/(-8)) is divided by h/(-7)*(-2)/4?
2
Let l = 6 - 6. Suppose -5*d = 20, l = y - 5*d - 26 + 1. Calculate the remainder when 19 is divided by y.
4
Let x(o) = o**2 + 5*o + 7. What is the remainder when (2 - 11)/3 - -53 is divided by x(-6)?
11
Let p be 44 - (-7)/(7/(-2)). Let w = -23 + p. Suppose 6 + 30 = y. What is the remainder when y is divided by w?
17
Let h be (104 - (2 - 0)) + 2. Suppose 60 = 2*s + 2*c, -4*s + 7*s = 4*c + h. Suppose -74 = -2*t + s. What is the remainder when t is divided by 18?
17
Let k be (-5)/((-5)/2) - 1. What is the remainder when 34 is divided by (k + (-2)/4)*18?
7
Suppose -m + 8 = 2*h - 5, 29 = 3*m - 4*h. Calculate the remainder when 21 is divided by m.
10
Calculate the remainder when 48 is divided by ((-1053)/(-130) + 2/5)*2.
14
Let g(w) = w**3 - 5*w**2 + w + 15. Calculate the remainder when g(8) is divided by 72.
71
Suppose 4*o - 24 = -8. Suppose 3*t - 3*h = t - 9, -18 = -t - 3*h. Suppose -n - t*v = -v, 44 = o*n - 3*v. What is the remainder when 23 is divided by n?
7
Let d = 6 + -3. Suppose -3*a + 3*m = -2*a + 3, 5*a + 3*m = d. Suppose 0 = -x - a*x + 7. Calculate the remainder when 19 is divided by x.
5
Calculate the remainder when 2616/27 - 1/(-9) is divided by 51.
46
Let a(b) = -b**2 + 7*b - 1. What is the remainder when 39 is divided by a(3)?
6
Let j(i) = -i + 13. Suppose 44 - 184 = -5*d. Suppose 0 = -3*p + 142 - d. What is the remainder when p is divided by j(0)?
12
Let p = -46 + 49. What is the remainder when 24 is divided by p?
0
Let w = 1 + 0. Let r(t) = t**3 + 6*t**2 + t + 7. Let d be r(-6). Calculate the remainder when (4/(-3) + d)*-9 is divided by w.
0
Let f = -3 + 11. Let r be 1*49*-1 - 3. Let v = -21 - r. What is the remainder when v is divided by f?
7
Let d(u) = u**2 + u - 2. Let g be d(1). Suppose g = -5*k + 57 + 103. Calculate the remainder when 95 is divided by k.
31
Let z = 11 + 13. Calculate the remainder when z is divided by 9.
6
Let o = 8 - 6. Suppose -o*t - 27 = -1. Let y = 25 + t. Calculate the remainder when 23 is divided by y.
11
Let n(r) = r**3 + 11*r**2 - 13*r - 2. Calculate the remainder when 39 is divided by n(-12).
9
Let w be -12 - (-1)/(-1 - 0). Let k(g) be the second derivative of -g**3/6 - 2*g**2 + 8*g. Calculate the remainder when 17 is divided by k(w).
8
Suppose 0*o = 3*l + o - 47, 3*l - 2*o - 59 = 0. Suppose 0 = 4*d - 41 - 19. Suppose -a + d = 5. Calculate the remainder when l is divided by a.
7
Let b be 6/(-9) - 46/(-6). Suppose 0 = -4*a + b*a - 99. Let z = a + 1. What is the remainder when z is divided by 12?
10
Let g = 3 - 1. What is the remainder when 33 is divided by g/(-6)